uppose -2*b = 4*o - 528, -5*o = 2*b - 589 + 66. Let r = b - h. Is r composite?
True
Let s = 167 + -164. Suppose 4982 = 2*b - 2*j - 2*j, 0 = s*b - 2*j - 7473. Is b composite?
True
Is (280/80)/(1*3/(1229*6)) composite?
True
Let x(m) = m**3 - 10*m**2 + 19*m + 15. Let y be x(7). Let g(n) = 3657*n + 2. Is g(y) composite?
False
Let u(q) be the second derivative of q**5/20 + 5*q**4/12 - q**3/2 - 9*q**2/2 + 34*q. Let y be u(-5). Suppose -y*n + 220 = -362. Is n a composite number?
False
Let k = 1949 - -16998. Is k prime?
True
Is 74938680/160 - (3 + 39/(-12)) a composite number?
True
Is (8/16)/(27/151902) a prime number?
False
Let n(j) = 3*j**3 - 17*j**2 - 8*j + 37. Let r = -137 + 157. Is n(r) a composite number?
False
Suppose 0*q = q, -6906 = -2*b - 4*q. Suppose 9*h - 6*h - b = 0. Is h composite?
False
Suppose 181*b = 174*b - 1197. Let p = -56 - b. Is p prime?
False
Let j(s) = 56*s + 4*s**2 + 1 + 47*s - 108*s. Is j(3) a prime number?
False
Let m = -5632 + 150509. Is m composite?
True
Let q be (-1 + 0 - 138)/(6/(-174)). Suppose -435 = 4*b + b - 5*n, 0 = -3*n - 3. Let g = b + q. Is g a composite number?
False
Let p(s) = 27258*s**2 + 71*s + 27. Is p(4) composite?
False
Let x(b) = 2*b**2 + 2*b + 14. Let c be x(0). Suppose -w + c = 3*f, w = 2*f + 3*w - 8. Suppose -2*d - 1545 = -f*k - 235, -5*d + 786 = 3*k. Is k composite?
True
Is -11 - (26 - 3 - 54251) composite?
False
Suppose -3*g - 32 = 91. Let n = 417 + -345. Let l = n + g. Is l a composite number?
False
Suppose 4*u = -5*d - 61 + 172, 0 = -3*u - 5*d + 87. Suppose -23*m - 371 = -u*m. Let b = m + 80. Is b composite?
True
Suppose -r = -3*w + 6, 3*w + 4*r - 6 = -0*r. Suppose f = -0 + w, -f = -3*m + 4681. Is m a composite number?
True
Let h(p) = -2*p - 8. Let c(g) = g**3 + g**2 - 4*g - 6. Let y be c(-2). Let r be h(y). Let v(l) = -42*l**3 - 6*l**2 - 3*l + 5. Is v(r) composite?
False
Let w = -13406 + 65077. Is w prime?
False
Suppose 4*y + 2*y + 222 = 0. Let g = 41 + y. Suppose -3*a = v - 1444, -3*v + g*a + 4397 = -0*v. Is v a composite number?
False
Is ((-1307733)/(-126))/((-76)/(-24) - 3) prime?
True
Let m(y) = -61*y - 14. Let x be m(-3). Let n = -12 + x. Is n prime?
True
Suppose -4*y = 64*d - 62*d - 56614, d + 3*y = 28300. Is d a composite number?
True
Is (-695)/(-139)*4861/5 a prime number?
True
Let y be ((-16)/(-12))/((-11)/(-198)). Suppose -y*u + 23*u = -18026. Is u a prime number?
False
Suppose 10*t - 65644 + 11344 = 0. Let u = t - -4483. Is u a prime number?
False
Let k be ((-266398)/4)/(-11)*4. Suppose -4*g - 5199 + k = 5*z, -5*z + 5*g = -19010. Is z a prime number?
True
Let q(c) = 3565*c**2 + 66*c - 578. Is q(7) prime?
True
Let t = 730359 - 245408. Is t composite?
False
Suppose 0 = -276*w + 34611729 - 5571561. Is w composite?
True
Is (-16 - -298059)/((-1)/6*(-14 - -8)) a composite number?
False
Let v be 1/3*-554*84/7. Let h = v - -1106. Is (h/9)/((-4)/6) a composite number?
True
Let f(p) = -221*p - 35. Let h(v) = v**3 - 2*v**2 - 11*v + 6. Let u be h(4). Is f(u) a composite number?
False
Suppose -5*c - 3*l - 36 = 0, 0 = 2*c - 0*l - 3*l + 27. Let d(s) = 4*s + 2*s**2 - 12 - 2*s + 7*s. Is d(c) a prime number?
False
Let m = 57 - 55. Is 39 + -43 + 2/(m/2285) composite?
False
Let g(x) = -61 + 40 - 130 + 582*x - 56 - 50. Is g(29) composite?
True
Suppose -2*u + 150912 = -w, -39*u = -46*u - 3*w + 528179. Is u a composite number?
True
Let q = 30 - 15. Suppose 0 = 5*y - 30 + q. Suppose v = k + 2*k - 1118, -2*k = -y*v - 743. Is k a prime number?
True
Let p = -642456 + 908933. Is p composite?
False
Let q be (-9 - -5) + 13 - 1. Suppose q*b - 22 - 10 = 0. Is b composite?
True
Let d(s) = 1222*s**2 + 28*s + 143. Is d(-5) a composite number?
False
Suppose -b = -2*r - 16, 0 = r - 7*b + 2*b - 1. Let d(g) = -3*g + 5. Let w(x) = -51*x + 38. Let h(i) = -6*d(i) + w(i). Is h(r) a composite number?
True
Let w(p) = -1989*p + 656. Is w(-19) prime?
True
Is (-6)/14 + (-414)/(-966) - (1 + -2218) prime?
False
Let g(p) = -p**2 - 12*p - 10. Let n be g(-5). Suppose -3*i + n = 2*i + 5*w, -2 = -w. Suppose i*d - 465 = 2*m, -2*d + 0*d - m = -317. Is d a composite number?
False
Suppose 0 = -5*n + 2*h + 276004 + 195131, -3*h + 15 = 0. Is n a prime number?
True
Suppose -26*j - 15 = -29*j. Suppose -8*a + j*a = -i + 2774, 0 = i - 5*a - 2784. Is i composite?
True
Let z(r) = -18*r**3 - 29*r**2 - 62*r + 400. Is z(-19) prime?
True
Let z = -69 - -24230. Is z prime?
False
Let s be 1*3/(-9)*0. Suppose 2*u + 1009 + 1219 = s. Is (u/(-6))/(-3 + (-10)/(-3)) a composite number?
False
Suppose -3*a = 4*u - 4616, -8*u - 4616 = -12*u - a. Is u composite?
True
Let o(d) = 48 + 39 - 29 - d**3 + 16*d - 6 + 34*d**2. Is o(29) a composite number?
False
Suppose -54*x + 140 = -49*x. Suppose 0 = 5*h + x - 193. Is h composite?
True
Suppose 23*v - 28*v - 3*c = -42068, -3*v - 3*c = -25242. Is v a composite number?
True
Let g = 11557 + -4808. Is g composite?
True
Let w be ((-2)/6)/((-12)/(-36)). Let m(n) = 600*n**2 + 3*n + 2. Let i be m(w). Suppose 0*j - 5*j - 4*l = -i, -3*j + 5*l = -352. Is j a prime number?
False
Let g(v) = -1862*v + 7349. Is g(-64) a prime number?
True
Let b(t) be the second derivative of 8*t**3/3 + 43*t**2/2 + 8*t. Let c(k) = -33*k - 86. Let a(z) = -7*b(z) - 4*c(z). Is a(21) prime?
True
Suppose -2*d = 8, 3*k - 53821 = d + 75345. Suppose -k = -10*s + 22996. Suppose 1362 - s = -7*r. Is r a composite number?
True
Let p = -155 - -219. Let z(j) = p*j**2 - 60 - j + 60. Is z(2) prime?
False
Suppose -6*y + 34720 = -y. Suppose 7*d + y = 69153. Is d composite?
False
Suppose -3*t - 5*h + 22 = 0, 4*h - h - 24 = -3*t. Suppose 12*y = t*y + 2109. Is y a prime number?
False
Let c be (3 + (-16)/4)*-5. Suppose c*a = -3*q + 9051, -a + 300 + 2717 = q. Is q prime?
False
Let n be 24/(-10)*(-196900)/40. Suppose 5*g + d + 2*d - 29497 = 0, n = 2*g + 5*d. Is g a prime number?
True
Let q(z) = 153*z - 156*z + 186*z + 92. Is q(17) a composite number?
False
Suppose 9*o + 17*o - 33*o = -22036357. Is o composite?
False
Suppose h = -h + 26. Suppose -9*i + h*i - 768 = 0. Suppose 0 = -5*m + i + 3. Is m a composite number?
True
Suppose -y + 3*y - 5096 = -s, 5*s - 3*y = 25415. Let b = s + 2211. Is b prime?
True
Is 1*25249 - (5 - -11 - 8) composite?
True
Suppose 4*i - 46 + 30 = 0. Suppose i*y - y - 4120 = -2*f, -3*f - 4*y + 6179 = 0. Suppose c - 1580 = -5*m, 5*m - 3*c - f = -457. Is m prime?
True
Suppose -4*f - 16 = -4*x, -5*f - 2*x + 2 = -4*f. Let i(j) = 20*j**2 + 5*j + 7. Let u be i(f). Let n = u - -34. Is n composite?
True
Let r = -871495 + 1604804. Is r a prime number?
False
Is -6*89120/(-105) + 312/42 + -7 a composite number?
True
Let f(h) be the first derivative of -22*h - 20 + 81/2*h**2. Is f(9) a composite number?
True
Suppose 5*y + 3 = 3*k, 3*k + 2*y = 6*k - 3. Let c(z) = 7707*z + 22. Is c(k) a composite number?
True
Suppose 0 = 2*r - 7057 - 14231. Let z = -5230 + r. Is z a composite number?
True
Let r = 532 + -628. Is (65328/r)/(2/(-4)) composite?
False
Let i = -61424 + 192655. Is i composite?
False
Let i = 9654 - -254803. Is i a prime number?
False
Let o be (-1)/(1/3)*7/(-3). Suppose -o*i + 6*i = -989. Let y = i - 582. Is y a prime number?
False
Let r = -48 + 53. Suppose r*y - 16*y = 66. Is (-1)/(2/y) - (-1225 - -30) a composite number?
True
Suppose -5*w + 89 = -846. Suppose 172 - w = -5*u. Suppose 0 = 2*r + u*r - 17945. Is r a prime number?
False
Suppose 17253 = v + 281*y - 277*y, 51773 = 3*v - 2*y. Is v a prime number?
True
Suppose 18*f - 17*f = -22. Is (-79966)/f + 68/374 composite?
True
Suppose 15 = 2*w + w, -2*w + 58 = 2*c. Let m(u) = -u**2 + 28*u + 22. Let k be m(c). Suppose -j - x + 0*x = -k, 2*j + x - 239 = 0. Is j a prime number?
False
Is 752979/6 + 12/24 prime?
True
Let l = 2 + -6. Let s be -668*-3*l/(-24). Suppose m - s = -27. Is m prime?
True
Let l(z) = 4*z**3 - 15*z**2 - 50*z - 27. Let r(v) = v**3 - v**2 - 2*v - 1. Let i(h) = l(h) - 5*r(h). Is i(-17) a prime number?
False
Let x = -53 + -135. Let i = x + 1459. Is i a prime number?
False
Let h(a) = 41*a - 22. Let u be h(2). Is ((-3791)/2)/(-1) - u/24 composite?
True
Let l be (-3 + 3)*3/(-6) - -5867. Suppose -5*s - 3*u = -4*u - 9801, 4*u = 3*s - l. Is s a composite number?
True
Is 1617581/11 - 186/(-1023) composite?
True
Suppose 3*v - 6 = 2*y, -5*v + 13 = y + 3. Suppose 3 = 3*n - y. Let t(w) = 4644*w**3 + w**2 - w -